p = -c. What is a(c)?
3
Suppose 4*t = z + 12, -z + 0*z - 4*t = -4. Let f(i) = -4*i + 16. Let y(m) = -m + 3. Suppose -30*o + 35*o + 15 = 0. Let d(h) = o*f(h) + 16*y(h). Determine d(z).
16
Let w(s) = -s - 30 - 5*s + 0*s. Let b be w(-6). Let g = b + -7. Let f(l) = -9*l**2 - l - 1. What is f(g)?
-9
Let g(z) = -z**3 - 9*z**2 - 10. Let q(c) = -c**3 + 3*c**2 - 7*c + 6. Let r be q(4). Let j = 70 + r. Suppose j = -5*h - 13. What is g(h)?
-10
Let a(c) be the third derivative of -c**5/60 + 11*c**4/6 - 27*c**3/2 + 1894*c**2. Determine a(42).
3
Let v(w) = -16 - 63 + 32*w - 43 - 27 + 28. Let a be v(4). Let x(k) = -k**3 + 7*k**2 + 3*k + 5. Determine x(a).
26
Suppose 6*n = -5*h + n - 35, 0 = -n + 1. Let l = h + 11. Let o(z) = -10*z + 1 + 2 + 5*z. Determine o(l).
-12
Suppose 0 = 3*x + 18*x - 3948. Let p be 3/9 - 4/(-6). Let n(s) = p - 2 + 189*s - 4*s**3 - x*s. Calculate n(1).
-4
Suppose -23*o + 24*o - 225 = 0. Let l(z) be the first derivative of -4*z**2 + 96 - o + 93. Determine l(-1).
8
Let j(w) = 5*w**3 + 1. Suppose -11*t + 5*o = -9*t + 1, 3*t - 4 = 2*o. Suppose -2*u - t*a = 8, 4*a = -2*u + 11 - 29. What is j(u)?
6
Let o = 427 - 424. Let t(r) = -r**o + 95*r**2 - 294*r**2 + 98*r**2 - 6 + 102*r**2. Suppose 0 = -f + 2*f. What is t(f)?
-6
Let u be (8 - 1)/(3122/1338). Let x(r) = r**3 + r**2 - 4*r + 8. Give x(u).
32
Suppose -3*c - x + 45 = 5, -4 = -4*x. Let b(i) = i**3 - 12*i**2 - 14*i + 16. What is b(c)?
3
Let j(g) = 86*g + 2 + 89*g - 172*g. Suppose 5*q - 337 = 63. Let l = q + -78. Calculate j(l).
8
Let x(f) = -f**2 - f + 59. Let o be x(7). Let s(i) = -8*i - 10. What is s(o)?
-34
Let r(c) = 11*c + 14*c + 7*c - 149 + 5*c - 31*c. Let x be r(26). Let i(z) = z**2 - 7*z - 2. What is i(x)?
-2
Let b(c) = 0*c**2 - 825*c + 415*c + 4 - 3 + 419*c + c**2. Suppose o - 8 = -2*f, -4*o + o + 2*f - 16 = 0. Let g(t) = t**2 + 5*t + 1. Let w be g(o). Give b(w).
-19
Let d be (-6 - (-51)/5)*5. Let c(l) = -d*l + 14*l + 3*l + 13*l. Give c(-2).
-18
Let z(w) = w**2 - 3. Let d(t) = -t**3 + 2*t**2 + 10*t - 8. Let g be d(4). Suppose -5*a + 0*a + 550 = g. Let s = -107 + a. Calculate z(s).
6
Let x(a) = -37*a**2 - 7*a**3 + 23*a**2 + 15*a**2. Let r(d) = -d**3 + 13*d**2 + 15*d - 5. Let o be r(14). Let c(y) = -y**2 + 8*y + 8. Let n be c(o). Give x(n).
8
Let r = -18654 + 18646. Let t(f) = f**3 - f**2 - 77*f - 33. Give t(r).
7
Let p = -5 + 6. Let d(h) = 4543*h - 9089*h + 4550*h + 1. Calculate d(p).
5
Let p = -516 + 534. Suppose -p*a - 25 + 133 = 0. Let u(b) = -2*b**2 + 10*b + 6. Give u(a).
-6
Let b be ((-276)/368)/(4/((-128)/12)). Let m(i) be the first derivative of -i**4/4 + i**2/2 - 2. Calculate m(b).
-6
Let k(w) = 2*w + 14. Let b be k(11). Suppose 0*j + 3*j = b. Let g be (3/j)/(4/(-16)). Let x(z) = -8*z**3 + 2*z + 1. Give x(g).
7
Let o(q) = -3*q + 1. Let k be (-38)/(-4 - 18/(-4)). Let m be k/(-14) - (-12)/21. Give o(m).
-17
Let f = -81 - -84. Let q be 3*f/((-36)/(-4))*9. Let p(k) = -k + 1. Give p(q).
-8
Let j(l) be the second derivative of l**5/20 + 3*l**4/4 - 3*l**3 - 19*l**2/2 + 1658*l. What is j(-11)?
-63
Let i(g) be the second derivative of -g**3/6 - g**2/2 - 6*g. Let a be (1/2 + -1)*(-992 - -990). Determine i(a).
-2
Suppose 0 = -116*w + 525 + 287. Let i(l) = -l**2 + 4*l + 9. Determine i(w).
-12
Suppose 318*p - 317*p + 15 = 4*a, -5*a = 2*p - 48. Let y(n) = -4*n**2 - n + 7. Let o(s) = 3*s + 1 - s - s**2 - s. Let t(q) = -5*o(q) + y(q). Determine t(a).
2
Let i(h) be the first derivative of -h**4/4 - 2*h**3 - 3*h**2 - 3*h - 191. Suppose 12*q + 15*q = -108. Calculate i(q).
-11
Let k be (1 + -13)*(-5)/(-4). Let w be (-1)/3 - 50/k. Let p(l) = 3*l + 0 + l - l + w. What is p(-6)?
-15
Let a(n) = 7*n + 5. Let p be a(-7). Let j = p + 47. Let b(i) = i + 1. Let q(k) = -k - 1. Let t(o) = 7*b(o) + 6*q(o). Calculate t(j).
4
Let g(q) = 3*q**2 + 35*q + 5. Let y be (27 + -39)*((-1 - 5) + 7). What is g(y)?
17
Let k(y) = -2*y**2 - 2*y**2 - 7 + 5*y**2 + 8*y + 1. Suppose -3*j + 7*j + 166 = s, 2*s + 2*j - 292 = 0. Let l = -158 + s. Calculate k(l).
-6
Let c(z) = z**2 - z - 74. Let k(o) = 6*o**2 + 217*o + 45. Let v be k(-36). Give c(v).
-2
Let x(w) = -w + 2. Let k(l) = l - 46. Let n be k(49). Suppose -f + 3 = d + 14, 2*f - 28 = n*d. What is x(d)?
12
Let w = 166 + -150. Suppose 4*m = -0*i + 2*i - 14, -4*i = -5*m - w. Let y(z) = z - 7 + 24 - 14. Determine y(m).
-1
Let x(w) = -w**3 + 4*w**2 + 4*w - 10. Let s = -155 - -166. Let k be -2 - (1*5 - (22 - s)). Calculate x(k).
6
Suppose 2*j + 87 = 77. Let l(q) = 2*q**2 + 11*q + 21. Determine l(j).
16
Suppose -h = -3*q + 59, -5*q - 2*h = -9*q + 82. Let l(v) = -22*v + v**2 + 44*v - 3*v**2 - 1 - q*v. Let t be -6*(15/6)/(-5). What is l(t)?
-7
Suppose 6*n + 3569 - 443 = 0. Let l = n - -529. Let h(v) be the second derivative of -v**4/12 + 11*v**3/6 - 11*v**2/2 - v. Determine h(l).
13
Let s(k) = -8*k + 4. Let r(q) be the first derivative of -8*q**2 + 7*q + 2. Let z(u) = 3*r(u) - 5*s(u). Suppose 0 = -4*c - n, 2*n + 6 = -12*c + 10*c. Give z(c).
-7
Let j be (-11)/6 + (-2)/12. Let r(i) = -29*i + 11. Let a(d) = 14*d - 7. Let c(f) = 5*a(f) + 3*r(f). Give c(j).
32
Let p(r) = -5*r + 76*r**2 - 142*r**2 + 10 + 3*r + 70*r**2 + 6*r. What is p(-3)?
34
Let d(f) be the third derivative of -1/8*f**4 + 0*f - 1/10*f**5 + 0 - 1/3*f**3 + 91*f**2. Calculate d(-2).
-20
Let p(t) be the second derivative of -1/2*t**2 - 1/6*t**3 + 3*t - 4. Calculate p(-6).
5
Let l(f) be the third derivative of f**6/120 - 7*f**5/60 - f**4/3 - f**3/2 + 955*f**2. Determine l(8).
-3
Suppose k + k - 5*q = -10, 0 = 2*q - 4. Let y(z) = 27*z - 6. Calculate y(k).
-6
Let b(k) = -600*k**2 + 1 - 2*k + 1204*k**2 - 607*k**2 + k**3. Let h be b(4). Let r(g) = -g**2 + 11*g + 1. Calculate r(h).
19
Let x(l) = l**3 - 2*l**2 + 5*l - 11. Let m be (7/14)/(4/16). What is x(m)?
-1
Let a be 0*4/8 - -2. Let c(x) be the first derivative of -3*x + 1/2*x**2 + 47. What is c(a)?
-1
Let l = 95234 + -95236. Let z be 2/(-3*(-3)/9). Let q(t) = 4*t + 3*t**2 - t**z + 3 - 1. What is q(l)?
2
Let w(u) = -2*u**3 - 20*u**2 + 27*u + 54. Let o be w(-11). Let g(z) = z**2 - z. Let a(d) = 25*d**2 + 5*d. Let t(v) = a(v) + 4*g(v). Give t(o).
28
Let k(b) = -b**2 + 4*b + 6. Suppose -9*i - 20 = -14*i. Suppose v + 2*v - 21 = 2*n, i*v = 3*n + 29. Let h be (5 + n + 3)/1. Determine k(h).
1
Let b = -6 + 9. Let q(r) = 23*r**2 - 2 - r**b + r + 3 - 60*r**2 + 31*r**2. Let t be (-4)/1 + 0 + -2. Calculate q(t).
-5
Let z(o) = 31*o**3 - o**2 + 1. Let m(l) = -2*l**2 - 70*l + 288. Let w be m(4). Let i be (-52)/w - 2 - (-63)/(-54). Give z(i).
-31
Let m be ((-26)/8)/(-13) + 1/(-4). Suppose -5*z = 4*q - 26, 4*z + 3*q - 18 - 3 = m. Let g(c) = -c**3 + 6*c**2 - 4*c + 9. Determine g(z).
-15
Let k(x) be the third derivative of -x**6/360 + x**5/120 + 7*x**4/12 + 2*x**3/3 + 20*x**2. Let z(v) be the second derivative of k(v). Determine z(4).
-7
Let f(q) = 6*q - 21. Suppose -699 = -48*y - 363. Determine f(y).
21
Let x(i) be the third derivative of -i**4/8 + 3*i**3/2 - 5*i**2 - 11*i. Give x(-10).
39
Let g be 4/12 + 13/(117/6). Let q(s) = -12*s**2 - 5*s + 5. What is q(g)?
-12
Let d(a) be the third derivative of -a**4/24 - 2*a**3/3 - 665*a**2. Give d(-7).
3
Let r = 217 + -154. Let u(k) = 67*k - k**2 - r*k - 2 + 7. What is u(6)?
-7
Let g(l) = -l - 3. Suppose 38 = -5*r + 9*r - 3*i, -3*r + 16 = 4*i. Let s be (-2)/r + (0 - (-88)/(-32)). Calculate g(s).
0
Let w(i) = -i**3 + 9*i**2 - 8*i + 24. Let k be (4/(36 + -38))/((-2)/7). What is w(k)?
66
Let g(f) = 25*f - 1. Let d(z) = -7*z**3 + 43*z**2 - 4*z - 9. Let h be d(6). Determine g(h).
74
Suppose 5*m = 4*m + 12. Suppose -m = 4*x + 16. Let t(a) = -a - 16. Let k(l) = 4*l + 90. Let h(i) = k(i) + 6*t(i). What is h(x)?
8
Let f(x) = -15*x - 20. Let m = 19377 + -19382. What is f(m)?
55
Let y(l) = 4*l**3 + 11*l**2 - 49*l - 25. Let x(c) = -3*c**3 - 12*c**2 + 29*c + 23. Let s(b) = -3*x(b) - 2*y(b). Calculate s(-13).
7
Let d = 165 - 154. Let r(s) = 6*s**2 - s + 4. Let h be (3/(-2))/(6/16). Let t(z) = 17*z**2 - 3*z + 11. Let g(w) = d*r(w) + h*t(w). What is g(3)?
-15
Suppose -19*x = -13*x - 60. Let f(v) = v**3 + x*v - 6*v**2 - 4 + 0*v - v - 3*v. Calculate f(5).
1
Let w(q) be the second derivative of q**4/12 - q**3/6 + 3*q**2 - 3786*q. Give w(4).
18
Let n(p) be the third derivative of -p**6/80 + p**5/120 - 79*p**4/24 - p**2 - 18*p. Let c(x) be the second derivative of n(x). 